{"id":10815,"date":"2026-02-26T19:50:46","date_gmt":"2026-02-26T18:50:46","guid":{"rendered":"https:\/\/inserty.com\/politica-de-calidad-y-medio-ambiente\/"},"modified":"2026-04-15T23:42:24","modified_gmt":"2026-04-15T22:42:24","slug":"politica-de-qualitat-de-medi-ambient","status":"publish","type":"page","link":"https:\/\/inserty.com\/ca\/politica-de-qualitat-de-medi-ambient\/","title":{"rendered":"Pol\u00edtica de qualitat de medi ambient"},"content":{"rendered":"\t\t<div data-elementor-type=\"wp-page\" data-elementor-id=\"10815\" class=\"elementor elementor-10815 elementor-357\" data-elementor-post-type=\"page\">\n\t\t\t\t<div class=\"elementor-element elementor-element-77f7dac e-flex e-con-boxed e-con e-parent\" data-id=\"77f7dac\" data-element_type=\"container\" data-e-type=\"container\">\n\t\t\t\t\t<div class=\"e-con-inner\">\n\t\t\t\t<div class=\"elementor-element elementor-element-e45a53d elementor-widget elementor-widget-heading\" data-id=\"e45a53d\" data-element_type=\"widget\" data-e-type=\"widget\" data-widget_type=\"heading.default\">\n\t\t\t\t<div class=\"elementor-widget-container\">\n\t\t\t\t\t<h1 class=\"elementor-heading-title elementor-size-default\">Pol\u00edtica de qualitat de medi ambient<\/h1>\t\t\t\t<\/div>\n\t\t\t\t<\/div>\n\t\t\t\t<div class=\"elementor-element elementor-element-3429136 politica elementor-widget elementor-widget-text-editor\" data-id=\"3429136\" data-element_type=\"widget\" data-e-type=\"widget\" data-widget_type=\"text-editor.default\">\n\t\t\t\t<div class=\"elementor-widget-container\">\n\t\t\t\t\t\t\t\t\t<p>L&#8217;objectiu prioritari de INSERTY INSTAL\u00b7LACIONS, S.L. \u00e9s oferir i subministrar productes i serveis als seus clients, conformes als requisits establerts, millorant cont\u00ednuament la qualitat, la competitivitat de l&#8217;empresa i la gesti\u00f3 mediambiental.<\/p><p>\u00a0<\/p><p>Per desenvolupar aquesta pol\u00edtica de la qualitat i medi ambient, la direcci\u00f3 crea aquest manual que t\u00e9 car\u00e0cter vinculant per totes les persones de l&#8217;organitzaci\u00f3, cadascuna en la seva funci\u00f3, comercial, t\u00e8cnica o administraci\u00f3, en tots aquells temes que directament o indirectament, tinguin influ\u00e8ncia en la qualitat dels productes i serveis oferts i en la gesti\u00f3 mediambiental.<\/p><p>\u00a0<\/p><p>El desenvolupament del manual, t\u00e9 com a objectiu:<\/p><p>\u00a0<\/p><p>La implantaci\u00f3 i el manteniment d&#8217;un sistema de la qualitat basat en la norma UNE-EN-ISO 9001<\/p><p>\u00a0<\/p><p>La implantaci\u00f3 i el manteniment d&#8217;un sistema de gesti\u00f3 mediambiental basat en la norma UNE-EN-ISO 14001 Millorar els processos a trav\u00e9s d&#8217;auditories i la millora continua.<\/p><p>Difondre la pol\u00edtica de qualitat i mediambiental i els objectius a tots els membres de l&#8217;organitzaci\u00f3 i a totes les parts interessades a trav\u00e9s de la nostra web.<\/p><p>\u00a0<\/p><p>Aconseguir els nivells de qualitat i productivitat establerts anualment mitjan\u00e7ant els corresponents objectius i \u00edndexs de seguiment.<\/p><p>\u00a0<\/p><p>Millorar la gesti\u00f3 mediambiental mitjan\u00e7ant els objectius i metes establertes anualment, comprometent-nos amb la prevenci\u00f3 de la contaminaci\u00f3 i protecci\u00f3 del medi ambient.<\/p><p>\u00a0<\/p><p>Complir els requisits legals i altres requisits que afectin a tots els aspectes de INSERTY INSTAL\u00b7LACIONS, S.L.A Montcada i Reixac, el 3 de Juliol de 2018<\/p><p>SIGNAT: Francisco Garcia<\/p>\t\t\t\t\t\t\t\t<\/div>\n\t\t\t\t<\/div>\n\t\t\t\t\t<\/div>\n\t\t\t\t<\/div>\n\t\t\t\t<\/div>\n\t\t","protected":false},"excerpt":{"rendered":"<p>L&#8217;objectiu prioritari de INSERTY INSTAL\u00b7LACIONS, S.L. \u00e9s oferir i subministrar productes i serveis als seus clients, conformes als requisits establerts, millorant cont\u00ednuament la qualitat, la competitivitat de l&#8217;empresa i la gesti\u00f3 mediambiental. \u00a0 Per desenvolupar aquesta pol\u00edtica de la qualitat i medi ambient, la direcci\u00f3 crea aquest manual que t\u00e9 car\u00e0cter vinculant per totes les [&hellip;]<\/p>\n","protected":false},"author":1,"featured_media":0,"parent":0,"menu_order":0,"comment_status":"closed","ping_status":"closed","template":"elementor_header_footer","meta":{"footnotes":""},"class_list":["post-10815","page","type-page","status-publish","hentry"],"yoast_head":"<!-- This site is optimized with the Yoast SEO plugin v27.5 - https:\/\/yoast.com\/product\/yoast-seo-wordpress\/ -->\n<title>Pol\u00edtica de qualitat de medi ambient - Inserty<\/title>\n<meta name=\"robots\" content=\"index, follow, max-snippet:-1, max-image-preview:large, max-video-preview:-1\" \/>\n<link rel=\"canonical\" href=\"https:\/\/inserty.com\/ca\/politica-de-qualitat-de-medi-ambient\/\" \/>\n<meta property=\"og:locale\" content=\"ca_ES\" \/>\n<meta property=\"og:type\" content=\"article\" \/>\n<meta property=\"og:title\" content=\"Pol\u00edtica de qualitat de medi ambient - Inserty\" \/>\n<meta property=\"og:description\" content=\"L&#8217;objectiu prioritari de INSERTY INSTAL\u00b7LACIONS, S.L. \u00e9s oferir i subministrar productes i serveis als seus clients, conformes als requisits establerts, millorant cont\u00ednuament la qualitat, la competitivitat de l&#8217;empresa i la gesti\u00f3 mediambiental. \u00a0 Per desenvolupar aquesta pol\u00edtica de la qualitat i medi ambient, la direcci\u00f3 crea aquest manual que t\u00e9 car\u00e0cter vinculant per totes les [&hellip;]\" \/>\n<meta property=\"og:url\" content=\"https:\/\/inserty.com\/ca\/politica-de-qualitat-de-medi-ambient\/\" \/>\n<meta property=\"og:site_name\" content=\"Inserty\" \/>\n<meta property=\"article:modified_time\" content=\"2026-04-15T22:42:24+00:00\" \/>\n<meta name=\"twitter:card\" content=\"summary_large_image\" \/>\n<meta name=\"twitter:label1\" content=\"Temps estimat de lectura\" \/>\n\t<meta name=\"twitter:data1\" content=\"2 minuts\" \/>\n<script type=\"application\/ld+json\" class=\"yoast-schema-graph\">{\"@context\":\"https:\\\/\\\/schema.org\",\"@graph\":[{\"@type\":\"WebPage\",\"@id\":\"https:\\\/\\\/inserty.com\\\/ca\\\/politica-de-qualitat-de-medi-ambient\\\/\",\"url\":\"https:\\\/\\\/inserty.com\\\/ca\\\/politica-de-qualitat-de-medi-ambient\\\/\",\"name\":\"Pol\u00edtica de qualitat de medi ambient - Inserty\",\"isPartOf\":{\"@id\":\"https:\\\/\\\/inserty.com\\\/#website\"},\"datePublished\":\"2026-02-26T18:50:46+00:00\",\"dateModified\":\"2026-04-15T22:42:24+00:00\",\"breadcrumb\":{\"@id\":\"https:\\\/\\\/inserty.com\\\/ca\\\/politica-de-qualitat-de-medi-ambient\\\/#breadcrumb\"},\"inLanguage\":\"ca\",\"potentialAction\":[{\"@type\":\"ReadAction\",\"target\":[\"https:\\\/\\\/inserty.com\\\/ca\\\/politica-de-qualitat-de-medi-ambient\\\/\"]}]},{\"@type\":\"BreadcrumbList\",\"@id\":\"https:\\\/\\\/inserty.com\\\/ca\\\/politica-de-qualitat-de-medi-ambient\\\/#breadcrumb\",\"itemListElement\":[{\"@type\":\"ListItem\",\"position\":1,\"name\":\"Portada\",\"item\":\"https:\\\/\\\/inserty.com\\\/ca\\\/\"},{\"@type\":\"ListItem\",\"position\":2,\"name\":\"Pol\u00edtica de qualitat de medi ambient\"}]},{\"@type\":\"WebSite\",\"@id\":\"https:\\\/\\\/inserty.com\\\/#website\",\"url\":\"https:\\\/\\\/inserty.com\\\/\",\"name\":\"Inserty\",\"description\":\"\",\"publisher\":{\"@id\":\"https:\\\/\\\/inserty.com\\\/#organization\"},\"potentialAction\":[{\"@type\":\"SearchAction\",\"target\":{\"@type\":\"EntryPoint\",\"urlTemplate\":\"https:\\\/\\\/inserty.com\\\/?s={search_term_string}\"},\"query-input\":{\"@type\":\"PropertyValueSpecification\",\"valueRequired\":true,\"valueName\":\"search_term_string\"}}],\"inLanguage\":\"ca\"},{\"@type\":\"Organization\",\"@id\":\"https:\\\/\\\/inserty.com\\\/#organization\",\"name\":\"Inserty\",\"url\":\"https:\\\/\\\/inserty.com\\\/\",\"logo\":{\"@type\":\"ImageObject\",\"inLanguage\":\"ca\",\"@id\":\"https:\\\/\\\/inserty.com\\\/#\\\/schema\\\/logo\\\/image\\\/\",\"url\":\"https:\\\/\\\/inserty.com\\\/wp-content\\\/uploads\\\/2023\\\/12\\\/dbb395e042349065a7ee595fa4332c0ef839dd08.png\",\"contentUrl\":\"https:\\\/\\\/inserty.com\\\/wp-content\\\/uploads\\\/2023\\\/12\\\/dbb395e042349065a7ee595fa4332c0ef839dd08.png\",\"width\":2048,\"height\":621,\"caption\":\"Inserty\"},\"image\":{\"@id\":\"https:\\\/\\\/inserty.com\\\/#\\\/schema\\\/logo\\\/image\\\/\"}}]}<\/script>\n<!-- \/ Yoast SEO plugin. -->","yoast_head_json":{"title":"Pol\u00edtica de qualitat de medi ambient - Inserty","robots":{"index":"index","follow":"follow","max-snippet":"max-snippet:-1","max-image-preview":"max-image-preview:large","max-video-preview":"max-video-preview:-1"},"canonical":"https:\/\/inserty.com\/ca\/politica-de-qualitat-de-medi-ambient\/","og_locale":"ca_ES","og_type":"article","og_title":"Pol\u00edtica de qualitat de medi ambient - Inserty","og_description":"L&#8217;objectiu prioritari de INSERTY INSTAL\u00b7LACIONS, S.L. \u00e9s oferir i subministrar productes i serveis als seus clients, conformes als requisits establerts, millorant cont\u00ednuament la qualitat, la competitivitat de l&#8217;empresa i la gesti\u00f3 mediambiental. \u00a0 Per desenvolupar aquesta pol\u00edtica de la qualitat i medi ambient, la direcci\u00f3 crea aquest manual que t\u00e9 car\u00e0cter vinculant per totes les [&hellip;]","og_url":"https:\/\/inserty.com\/ca\/politica-de-qualitat-de-medi-ambient\/","og_site_name":"Inserty","article_modified_time":"2026-04-15T22:42:24+00:00","twitter_card":"summary_large_image","twitter_misc":{"Temps estimat de lectura":"2 minuts"},"schema":{"@context":"https:\/\/schema.org","@graph":[{"@type":"WebPage","@id":"https:\/\/inserty.com\/ca\/politica-de-qualitat-de-medi-ambient\/","url":"https:\/\/inserty.com\/ca\/politica-de-qualitat-de-medi-ambient\/","name":"Pol\u00edtica de qualitat de medi ambient - Inserty","isPartOf":{"@id":"https:\/\/inserty.com\/#website"},"datePublished":"2026-02-26T18:50:46+00:00","dateModified":"2026-04-15T22:42:24+00:00","breadcrumb":{"@id":"https:\/\/inserty.com\/ca\/politica-de-qualitat-de-medi-ambient\/#breadcrumb"},"inLanguage":"ca","potentialAction":[{"@type":"ReadAction","target":["https:\/\/inserty.com\/ca\/politica-de-qualitat-de-medi-ambient\/"]}]},{"@type":"BreadcrumbList","@id":"https:\/\/inserty.com\/ca\/politica-de-qualitat-de-medi-ambient\/#breadcrumb","itemListElement":[{"@type":"ListItem","position":1,"name":"Portada","item":"https:\/\/inserty.com\/ca\/"},{"@type":"ListItem","position":2,"name":"Pol\u00edtica de qualitat de medi ambient"}]},{"@type":"WebSite","@id":"https:\/\/inserty.com\/#website","url":"https:\/\/inserty.com\/","name":"Inserty","description":"","publisher":{"@id":"https:\/\/inserty.com\/#organization"},"potentialAction":[{"@type":"SearchAction","target":{"@type":"EntryPoint","urlTemplate":"https:\/\/inserty.com\/?s={search_term_string}"},"query-input":{"@type":"PropertyValueSpecification","valueRequired":true,"valueName":"search_term_string"}}],"inLanguage":"ca"},{"@type":"Organization","@id":"https:\/\/inserty.com\/#organization","name":"Inserty","url":"https:\/\/inserty.com\/","logo":{"@type":"ImageObject","inLanguage":"ca","@id":"https:\/\/inserty.com\/#\/schema\/logo\/image\/","url":"https:\/\/inserty.com\/wp-content\/uploads\/2023\/12\/dbb395e042349065a7ee595fa4332c0ef839dd08.png","contentUrl":"https:\/\/inserty.com\/wp-content\/uploads\/2023\/12\/dbb395e042349065a7ee595fa4332c0ef839dd08.png","width":2048,"height":621,"caption":"Inserty"},"image":{"@id":"https:\/\/inserty.com\/#\/schema\/logo\/image\/"}}]}},"_links":{"self":[{"href":"https:\/\/inserty.com\/ca\/wp-json\/wp\/v2\/pages\/10815","targetHints":{"allow":["GET"]}}],"collection":[{"href":"https:\/\/inserty.com\/ca\/wp-json\/wp\/v2\/pages"}],"about":[{"href":"https:\/\/inserty.com\/ca\/wp-json\/wp\/v2\/types\/page"}],"author":[{"embeddable":true,"href":"https:\/\/inserty.com\/ca\/wp-json\/wp\/v2\/users\/1"}],"replies":[{"embeddable":true,"href":"https:\/\/inserty.com\/ca\/wp-json\/wp\/v2\/comments?post=10815"}],"version-history":[{"count":4,"href":"https:\/\/inserty.com\/ca\/wp-json\/wp\/v2\/pages\/10815\/revisions"}],"predecessor-version":[{"id":10960,"href":"https:\/\/inserty.com\/ca\/wp-json\/wp\/v2\/pages\/10815\/revisions\/10960"}],"wp:attachment":[{"href":"https:\/\/inserty.com\/ca\/wp-json\/wp\/v2\/media?parent=10815"}],"curies":[{"name":"wp","href":"https:\/\/api.w.org\/{rel}","templated":true}]}}

Política de qualitat de medi ambient

<div data-elementor-type="wp-page" data-elementor-id="10815" class="elementor elementor-10815 elementor-357" data-elementor-post-type="page">
				<div class="elementor-element elementor-element-77f7dac e-flex e-con-boxed e-con e-parent" data-id="77f7dac" data-element_type="container" data-e-type="container">
					<div class="e-con-inner">
				<div class="elementor-element elementor-element-e45a53d elementor-widget elementor-widget-heading" data-id="e45a53d" data-element_type="widget" data-e-type="widget" data-widget_type="heading.default">
				<div class="elementor-widget-container">
					<h1 class="elementor-heading-title elementor-size-default">Política de qualitat de medi ambient</h1>				</div>
				</div>
				<div class="elementor-element elementor-element-3429136 politica elementor-widget elementor-widget-text-editor" data-id="3429136" data-element_type="widget" data-e-type="widget" data-widget_type="text-editor.default">
				<div class="elementor-widget-container">
									<p>L&#8217;objectiu prioritari de INSERTY INSTAL·LACIONS, S.L. és oferir i subministrar productes i serveis als seus clients, conformes als requisits establerts, millorant contínuament la qualitat, la competitivitat de l&#8217;empresa i la gestió mediambiental.</p><p> </p><p>Per desenvolupar aquesta política de la qualitat i medi ambient, la direcció crea aquest manual que té caràcter vinculant per totes les persones de l&#8217;organització, cadascuna en la seva funció, comercial, tècnica o administració, en tots aquells temes que directament o indirectament, tinguin influència en la qualitat dels productes i serveis oferts i en la gestió mediambiental.</p><p> </p><p>El desenvolupament del manual, té com a objectiu:</p><p> </p><p>La implantació i el manteniment d&#8217;un sistema de la qualitat basat en la norma UNE-EN-ISO 9001</p><p> </p><p>La implantació i el manteniment d&#8217;un sistema de gestió mediambiental basat en la norma UNE-EN-ISO 14001 Millorar els processos a través d&#8217;auditories i la millora continua.</p><p>Difondre la política de qualitat i mediambiental i els objectius a tots els membres de l&#8217;organització i a totes les parts interessades a través de la nostra web.</p><p> </p><p>Aconseguir els nivells de qualitat i productivitat establerts anualment mitjançant els corresponents objectius i índexs de seguiment.</p><p> </p><p>Millorar la gestió mediambiental mitjançant els objectius i metes establertes anualment, comprometent-nos amb la prevenció de la contaminació i protecció del medi ambient.</p><p> </p><p>Complir els requisits legals i altres requisits que afectin a tots els aspectes de INSERTY INSTAL·LACIONS, S.L.A Montcada i Reixac, el 3 de Juliol de 2018</p><p>SIGNAT: Francisco Garcia</p>								</div>
				</div>
					</div>
				</div>
				</div>

<p>L&#8217;objectiu prioritari de INSERTY INSTAL·LACIONS, S.L. és oferir i subministrar productes i serveis als seus clients, conformes als requisits establerts, millorant contínuament la qualitat, la competitivitat de l&#8217;empresa i la gestió mediambiental.   Per desenvolupar aquesta política de la qualitat i medi ambient, la direcció crea aquest manual que té caràcter vinculant per totes les [&hellip;]</p>

<!-- This site is optimized with the Yoast SEO plugin v27.5 - https://yoast.com/product/yoast-seo-wordpress/ -->
<title>Política de qualitat de medi ambient - Inserty</title>
<meta name="robots" content="index, follow, max-snippet:-1, max-image-preview:large, max-video-preview:-1" />
<link rel="canonical" href="https://inserty.com/ca/politica-de-qualitat-de-medi-ambient/" />
<meta property="og:locale" content="ca_ES" />
<meta property="og:type" content="article" />
<meta property="og:title" content="Política de qualitat de medi ambient - Inserty" />
<meta property="og:description" content="L&#8217;objectiu prioritari de INSERTY INSTAL·LACIONS, S.L. és oferir i subministrar productes i serveis als seus clients, conformes als requisits establerts, millorant contínuament la qualitat, la competitivitat de l&#8217;empresa i la gestió mediambiental.   Per desenvolupar aquesta política de la qualitat i medi ambient, la direcció crea aquest manual que té caràcter vinculant per totes les [&hellip;]" />
<meta property="og:url" content="https://inserty.com/ca/politica-de-qualitat-de-medi-ambient/" />
<meta property="og:site_name" content="Inserty" />
<meta property="article:modified_time" content="2026-04-15T22:42:24+00:00" />
<meta name="twitter:card" content="summary_large_image" />
<meta name="twitter:label1" content="Temps estimat de lectura" />
	<meta name="twitter:data1" content="2 minuts" />
<script type="application/ld+json" class="yoast-schema-graph">{"@context":"https:\/\/schema.org","@graph":[{"@type":"WebPage","@id":"https:\/\/inserty.com\/ca\/politica-de-qualitat-de-medi-ambient\/","url":"https:\/\/inserty.com\/ca\/politica-de-qualitat-de-medi-ambient\/","name":"Política de qualitat de medi ambient - Inserty","isPartOf":{"@id":"https:\/\/inserty.com\/#website"},"datePublished":"2026-02-26T18:50:46+00:00","dateModified":"2026-04-15T22:42:24+00:00","breadcrumb":{"@id":"https:\/\/inserty.com\/ca\/politica-de-qualitat-de-medi-ambient\/#breadcrumb"},"inLanguage":"ca","potentialAction":[{"@type":"ReadAction","target":["https:\/\/inserty.com\/ca\/politica-de-qualitat-de-medi-ambient\/"]}]},{"@type":"BreadcrumbList","@id":"https:\/\/inserty.com\/ca\/politica-de-qualitat-de-medi-ambient\/#breadcrumb","itemListElement":[{"@type":"ListItem","position":1,"name":"Portada","item":"https:\/\/inserty.com\/ca\/"},{"@type":"ListItem","position":2,"name":"Política de qualitat de medi ambient"}]},{"@type":"WebSite","@id":"https:\/\/inserty.com\/#website","url":"https:\/\/inserty.com\/","name":"Inserty","description":"","publisher":{"@id":"https:\/\/inserty.com\/#organization"},"potentialAction":[{"@type":"SearchAction","target":{"@type":"EntryPoint","urlTemplate":"https:\/\/inserty.com\/?s={search_term_string}"},"query-input":{"@type":"PropertyValueSpecification","valueRequired":true,"valueName":"search_term_string"}}],"inLanguage":"ca"},{"@type":"Organization","@id":"https:\/\/inserty.com\/#organization","name":"Inserty","url":"https:\/\/inserty.com\/","logo":{"@type":"ImageObject","inLanguage":"ca","@id":"https:\/\/inserty.com\/#\/schema\/logo\/image\/","url":"https:\/\/inserty.com\/wp-content\/uploads\/2023\/12\/dbb395e042349065a7ee595fa4332c0ef839dd08.png","contentUrl":"https:\/\/inserty.com\/wp-content\/uploads\/2023\/12\/dbb395e042349065a7ee595fa4332c0ef839dd08.png","width":2048,"height":621,"caption":"Inserty"},"image":{"@id":"https:\/\/inserty.com\/#\/schema\/logo\/image\/"}}]}</script>
<!-- / Yoast SEO plugin. -->

Política de qualitat de medi ambient - Inserty

L&#8217;objectiu prioritari de INSERTY INSTAL·LACIONS, S.L. és oferir i subministrar productes i serveis als seus clients, conformes als requisits establerts, millorant contínuament la qualitat, la competitivitat de l&#8217;empresa i la gestió mediambiental.   Per desenvolupar aquesta política de la qualitat i medi ambient, la direcció crea aquest manual que té caràcter vinculant per totes les [&hellip;]
